n 23 is divided by g?
5
Let c(b) = 7*b - 100. What is the remainder when c(22) is divided by 14?
12
Let q(j) = -7*j + 21. Let l be q(-9). Suppose -3*g - 4*g = -l. Calculate the remainder when 42 is divided by g.
6
What is the remainder when 74 is divided by 8/((-3)/(-30) - 20/(-50))?
10
Let w(z) = -z**2 + 5*z. Suppose -2*b = -0*b - 40. Let p = b + -17. Calculate the remainder when 22 is divided by w(p).
4
Calculate the remainder when 913/7 - ((-72)/42)/3 is divided by 24.
11
Let n = -73 - -103. Let r(y) = y + 20 + 23 - 38. What is the remainder when n is divided by r(3)?
6
Let g be 4/9*-3*3. Calculate the remainder when 37 is divided by 8/(-10)*(-2)/g*-35.
9
Let u = -122 + 151. Calculate the remainder when u is divided by 5.
4
Let m(d) be the third derivative of d**4/24 + 7*d**3/6 + d**2. Let h be 6/(-15) + (-4)/(-10). What is the remainder when 20 is divided by m(h)?
6
Let w = 96 + -72. Calculate the remainder when 56 is divided by w.
8
Suppose 3*x + u = 376, -3*u + 157 + 221 = 3*x. Calculate the remainder when x is divided by 36.
17
Suppose s + 4*q = 0, 3*s = 4*q + 20 + 28. Let z = s + -5. What is the remainder when z is divided by 4?
3
Suppose -14*o - 34 = -2*w - 15*o, 3*w - 49 = -o. What is the remainder when 494 is divided by w?
14
Suppose -345 = 217*f - 232*f. What is the remainder when 89 is divided by f?
20
Let j(c) = 6*c**2 + 52*c - 25. Calculate the remainder when j(-11) is divided by 37.
18
Let h be (14/(-3))/(26/(-39)). Suppose 10*y - 738 = h*y. What is the remainder when y is divided by 31?
29
Let h = -98 - -163. Calculate the remainder when 246 is divided by h.
51
Suppose 3*d - 5*b = 1001, -d + 3*b + 327 = -2*b. What is the remainder when d is divided by 18?
13
Let d(o) = o**3 - 2*o**2 - 3*o + 5. Let i be d(4). Suppose 0 = -4*a - a + i. Calculate the remainder when 65/20 + -1 + -2 - (-201)/12 is divided by a.
2
Let r = -1851 + 1914. What is the remainder when 1007 is divided by r?
62
Let y(g) = 4*g**2. Let z be y(1). Let u be 12/16 + (-51)/z. Let x = -7 - u. Calculate the remainder when 11 is divided by x.
1
Let m(o) = 2*o**2 + 7*o - 1. Let y(t) = t + 1. Let n be y(-6). Calculate the remainder when 69 is divided by m(n).
13
Let h = -204 + 234. Calculate the remainder when 201 is divided by h.
21
Suppose 21*s - 16*s = -5. Calculate the remainder when (1/1)/((-175)/180 - s) is divided by 13.
10
Let x be (520/4)/5 + (-2)/(-2). Let u = x + -15. Calculate the remainder when 19 is divided by u.
7
Let i(k) = 53*k - 600. What is the remainder when i(15) is divided by 18?
15
Suppose -3*o + m = -1 - 6, o - 3*m + 11 = 0. Let c be 4*(-38)/o - -1. Let v = c - -134. What is the remainder when v is divided by 33?
31
Let c(l) = -3*l + 10*l + l - 14. What is the remainder when c(5) is divided by 8?
2
Suppose -19*p + 16*p + 75 = 0. What is the remainder when 271 is divided by p?
21
Let u be (3/9)/(2/24). Let d(q) = q**2 - 4*q - 10. Calculate the remainder when u/10 - (-812)/20 is divided by d(7).
8
Suppose -3*y - 2*y = 2*n - 573, 5*y = -3*n + 857. Suppose -6*u = -2*u - n. Let s = 2 + 22. Calculate the remainder when u is divided by s.
23
Let s = -59 + 111. Suppose -5*l - 885 = -5*o, 5*o - 2*l = s + 818. Let w = -115 + o. What is the remainder when w is divided by 15?
12
Suppose 6*q - 187 = 59. Calculate the remainder when 61 is divided by q.
20
Suppose c = 4*c - 12. Let l be ((-15)/(-6))/(2/c). Suppose -l*n - 38 = -2*w, 0 + 13 = w - n. What is the remainder when 15 is divided by w?
6
Calculate the remainder when 191 is divided by (0 + -28 + 0/1)*-1.
23
Let d be (1/3)/((-7)/63) - -58. Let m = 12 + -7. Suppose -m*k - 5 = -d. What is the remainder when 37 is divided by k?
7
Suppose -t - 2 = 0, 3*n - 2*t - t - 66 = 0. Let k = 139 + -92. What is the remainder when k is divided by -4 + n - (2 + -2)?
15
Suppose 151 = -7*t + 228. Let n = 7 - 2. What is the remainder when t is divided by n?
1
Let a(j) = j**2 - 4*j - 3. Let l be a(4). Let w be 2 - (l - (-4)/2). Suppose 5*r - 21 = -o, 5*r - 11 = -w*o + 2. Calculate the remainder when 7 is divided by r.
2
Suppose 0*o + 5*o - 20 = 0. Suppose -t = o*t - 40. Let g(d) = d**2 - 2*d - 17. What is the remainder when g(-6) is divided by t?
7
Let t = 20 + 47. What is the remainder when t is divided by 61?
6
Suppose 6*q + 36 = -0*q. Let z(u) = 7 + 6*u - 5*u + 0*u. What is the remainder when 1 is divided by z(q)?
0
Let i be 303/6 + 3/6. Suppose 0*j = 4*j + g - 107, 2*j - i = -g. What is the remainder when j is divided by -2 - (1 - (19 - 1))?
13
Let o = -1486 - -1511. Let x = 21 - 9. Calculate the remainder when (x/8)/((-6)/(-296)) is divided by o.
24
Let b(y) = y**3 - 5*y**2 - 8*y + 14. Suppose -7*r + 2*r + 10 = 0. Calculate the remainder when b(7) is divided by r + (6/3 - -25).
27
Let c(k) = k + 3. Let q be c(-3). Suppose -2*h - 2*h + 476 = q. Calculate the remainder when h is divided by 30.
29
Let c(n) = -n**2 - 8*n + 10. What is the remainder when (28 - (19 + -10))/(0 - -1) is divided by c(-8)?
9
Let h = 1 - -2. What is the remainder when 73 is divided by 1*((-6)/h + 39)?
36
Suppose -52 = -8*y + 6*y. What is the remainder when 492 is divided by y?
24
Suppose -102 = -10*l + 8. What is the remainder when 70 is divided by l?
4
Let v = 2 + 4. Let n(d) = -2 + 1 + 8*d - 2. What is the remainder when n(v) is divided by 12?
9
Let o(d) = 15*d**2 - 14*d + 25. Calculate the remainder when o(3) is divided by 12.
10
Calculate the remainder when 139 is divided by (-1 - 0)/(1089/(-45) + 24).
4
Let c(o) = o**2 - 5*o + 6. Let u be c(4). Suppose 5*n - 8 = -3*d, -u*n + 0*n - 21 = -d. What is the remainder when ((-24)/(-5))/(18/120) is divided by d?
10
What is the remainder when 78 is divided by 135/4 + 11/44?
10
Let i = 173 + -86. Calculate the remainder when i is divided by 19.
11
Let a = 94 - 91. Let y(l) = 23*l - 13. What is the remainder when y(a) is divided by 12?
8
Let j be (-7 + (-1045)/(-33))/((-4)/6). Calculate the remainder when (-1 - j/(-5))/((-94)/235) is divided by (-2)/3*(-1 + -11).
5
Let i(n) = -n**3 + 67*n - 13. Calculate the remainder when 109 is divided by i(8).
10
Suppose -14*h - 30 = -982. What is the remainder when -12 - -141 - -3*1 is divided by h?
64
Let k(w) = w + 16. Let l be k(-10). Suppose l*t = -t + 210. Suppose 4*m + 2*s = -m + 85, m - t = -3*s. Calculate the remainder when 43 is divided by m.
13
Suppose 132*a - 123*a - 396 = 0. What is the remainder when a is divided by 9?
8
Suppose -99 = -5*s + 2*q, 0*s - 6 = -s + 5*q. Let y(b) = 9*b**2 + 2*b**3 + b**2 + 41 - 3*b**3. What is the remainder when y(10) is divided by s?
20
Suppose 296*f - 297*f + 5 = 0. Let a = -16 - -23. What is the remainder when a is divided by f?
2
Calculate the remainder when 299 is divided by 18788/(-77)*2/(-8).
55
Suppose -2*h + 31 = -7. Let v be (-20)/12*1*-3*1. Suppose -2*c = 3*i - 6*c - 18, 25 = 4*i - v*c. What is the remainder when h is divided by i?
9
Suppose 5*d + 24*c - 25*c = 280, 168 = 3*d - 5*c. What is the remainder when 177 is divided by d?
9
Suppose -4*f + 45 = 5*i, -f + 24 = -4*i - 3. Calculate the remainder when 99 is divided by f.
9
Let n(u) = u - 314 - u**2 + 312 + 2*u**3 + u. Suppose -5*z - 9 = -6*z. Calculate the remainder when n(2) is divided by z.
5
Suppose 21*y - 1880 = 11*y. Calculate the remainder when y is divided by 19.
17
Suppose 8*k = -6 - 26. Let p be (3*1)/(4/(-12)). Let r = k - p. Calculate the remainder when 14 is divided by r.
4
Suppose -42*r + 209 + 169 = 0. What is the remainder when 553 is divided by r?
4
Let p(x) = x**2 + 2*x - 6. Let c be p(-8). Suppose -4*h + 258 = c. Suppose -28 = -3*o + 2*o. What is the remainder when h is divided by o?
26
Let n = 1223 - 625. What is the remainder when n is divided by 60?
58
Let d = 544 - -37. What is the remainder when d is divided by 53?
51
Let t(w) = w**2 - w - 50. What is the remainder when t(9) is divided by 6?
4
Let g(k) = 75*k - 366. What is the remainder when 1090 is divided by g(6)?
82
Let a(t) = -t**2 - 2*t + 3. Let u be a(-3). Suppose 6*o - 208 + 16 = u. Suppose -q + 2*p + 91 = 0, 3*p = 7 - 4. What is the remainder when q is divided by o?
29
Let j = 20 + -4. Suppose -8*z - 20 = -3*z, 0 = -g - z + 8. What is the remainder when g/8*-3*-14 is divided by j?
15
Let o be 51 + 2*18/(-12). Let q = -42 + o. Suppose -5 = 2*i - 23. What is the remainder whe